4778?
42
Calculate the greatest common factor of 2008 and 1896.
8
Calculate the highest common factor of 4825 and 28757.
193
Calculate the greatest common divisor of 304884 and 9396.
324
What is the greatest common divisor of 1561 and 280?
7
Calculate the greatest common factor of 79824 and 224.
16
What is the highest common divisor of 91448 and 1420?
284
Calculate the greatest common divisor of 1085097 and 26.
13
Calculate the highest common divisor of 1870 and 1700.
170
Calculate the highest common divisor of 1533 and 903.
21
Calculate the greatest common divisor of 896 and 238.
14
Calculate the greatest common divisor of 14181 and 1653.
87
What is the highest common divisor of 14730 and 75?
15
Calculate the highest common factor of 55 and 6620.
5
What is the greatest common factor of 12878 and 3562?
274
What is the highest common divisor of 5018 and 15440?
386
What is the highest common factor of 42289 and 65?
13
What is the highest common divisor of 2233 and 1309?
77
Calculate the greatest common factor of 374 and 49753.
11
What is the highest common divisor of 2 and 15707?
1
What is the highest common divisor of 102 and 104592?
6
Calculate the highest common factor of 1541 and 420425.
67
What is the highest common factor of 1136 and 1552?
16
Calculate the highest common factor of 109231 and 19.
19
Calculate the greatest common divisor of 1844025 and 50.
25
What is the greatest common divisor of 10 and 94195?
5
Calculate the highest common divisor of 10244 and 5798.
26
Calculate the highest common factor of 693 and 5607.
63
Calculate the greatest common factor of 35220 and 390.
30
Calculate the greatest common factor of 43900 and 1900.
100
Calculate the greatest common divisor of 512488 and 638.
58
What is the greatest common factor of 19032 and 156648?
1464
Calculate the highest common divisor of 8368 and 160.
16
Calculate the greatest common factor of 174 and 51446.
58
Calculate the greatest common factor of 5063 and 1647.
61
Calculate the highest common factor of 1460 and 460.
20
Calculate the highest common factor of 3091 and 14331.
281
Calculate the highest common factor of 266 and 13243.
19
What is the highest common factor of 6555 and 515085?
345
Calculate the highest common factor of 12272 and 177.
59
What is the greatest common factor of 1890 and 1030?
10
What is the greatest common divisor of 58080 and 935?
55
Calculate the highest common factor of 130708 and 820.
164
Calculate the highest common factor of 4951179 and 18.
9
What is the greatest common divisor of 65723 and 42?
7
What is the greatest common divisor of 438 and 73438?
146
Calculate the highest common factor of 6016 and 89300.
188
What is the highest common divisor of 44 and 1390334?
22
What is the greatest common factor of 2 and 16681?
1
What is the greatest common factor of 281656 and 3230?
646
What is the greatest common divisor of 16664 and 24?
8
What is the highest common divisor of 5533 and 14377?
11
What is the greatest common factor of 148 and 286?
2
What is the greatest common factor of 45 and 264339?
9
Calculate the greatest common divisor of 1288352 and 489.
163
What is the highest common divisor of 42848 and 52?
52
What is the greatest common divisor of 8484 and 340774?
1414
What is the highest common divisor of 836 and 85576?
76
What is the greatest common divisor of 153 and 2745687?
51
What is the greatest common divisor of 508 and 1866646?
254
What is the highest common factor of 38 and 432782?
38
What is the greatest common factor of 3278211 and 438?
219
What is the highest common factor of 1136 and 54812?
284
Calculate the greatest common divisor of 18017 and 3352.
419
What is the greatest common factor of 303190 and 10?
10
What is the greatest common factor of 40811 and 296?
37
Calculate the highest common factor of 1132 and 30281.
283
What is the greatest common factor of 176490 and 370?
370
What is the highest common divisor of 2475 and 1575?
225
Calculate the greatest common divisor of 896 and 2044.
28
Calculate the greatest common divisor of 532174 and 2012.
1006
Calculate the highest common divisor of 453 and 343676.
151
What is the greatest common factor of 9056 and 688?
16
Calculate the highest common divisor of 6320 and 28.
4
Calculate the highest common divisor of 2121283 and 131.
131
Calculate the highest common divisor of 1187704 and 280.
56
Calculate the greatest common divisor of 70569 and 45.
9
Calculate the highest common divisor of 9 and 186777.
9
Calculate the greatest common divisor of 93697 and 43.
43
What is the highest common factor of 31 and 59861?
31
Calculate the highest common divisor of 20554 and 17686.
478
Calculate the greatest common divisor of 11989 and 3819.
19
What is the highest common divisor of 564586 and 726?
242
What is the greatest common divisor of 430000 and 516?
172
Calculate the greatest common divisor of 287120 and 4.
4
What is the highest common divisor of 240 and 16500?
60
What is the highest common factor of 705 and 840?
15
What is the highest common divisor of 54 and 76842?
54
Calculate the greatest common factor of 4296818 and 68.
34
What is the greatest common factor of 357 and 840?
21
Calculate the greatest common divisor of 1029 and 5376.
21
What is the greatest common factor of 496 and 3379?
31
What is the highest common divisor of 16715 and 5?
5
What is the highest common divisor of 110 and 31295?
55
What is the highest common factor of 8325 and 18?
9
What is the greatest common factor of 1782 and 726?
66
Calculate the greatest common divisor of 59958 and 36.
18
Calculate the highest common divisor of 32120 and 320.
40
Calculate the highest common factor of 137984 and 924.
308
What is the highest common divisor of 172 and 516?
172
Calculate the highest common factor of 119 and 61733.
7
What is the greatest common factor of 4879 and 927707?
697
Calculate the highest common factor of 2832 and 113634.
354
Calculate the highest common divisor of 9 and 11547.
9
What is the greatest common divisor of 23458 and 8876?
634
What is the highest common factor of 184 and 1654436?
92
Calculate the greatest common divisor of 45594 and 238.
34
What is the highest common factor of 12564 and 3798?
18
Calculate the greatest common factor of 13019475 and 21.
21
Calculate the greatest common divisor of 5967 and 14391.
351
What is the greatest common divisor of 745 and 65411?
149
What is the greatest common divisor of 3315 and 22321?
221
What is the highest common divisor of 867 and 1186634?
289
What is the highest common factor of 110079 and 63?
9
Calculate the highest common factor of 4385 and 135.
5
What is the greatest common factor of 615703 and 753?
251
What is the highest common divisor of 2416 and 219554?
302
What is the greatest common factor of 41 and 90692?
41
What is the highest common factor of 10262 and 574?
14
Calculate the greatest common divisor of 409789 and 93.
31
Calculate the greatest common factor of 4536 and 4050.
162
What is the highest common divisor of 48 and 579252?
12
What is the highest common factor of 297 and 93742?
11
Calculate the greatest common factor of 71 and 691682.
71
What is the highest common divisor of 56 and 33848?
8
Calculate the greatest common factor of 572 and 467918.
22
What is the greatest common divisor of 424 and 2765434?
106
What is the highest common factor of 148 and 1261108?
148
What is the greatest common factor of 4450 and 28480?
890
Calculate the greatest common factor of 2150 and 2230.
10
Calculate the greatest common divisor of 1136 and 68.
4
What is the greatest common factor of 82522 and 968?
242
What is the greatest common factor of 90093 and 177?
177
Calculate the greatest common factor of 224 and 725728.
32
Calculate the greatest common divisor of 553595 and 70.
35
Calculate the highest common divisor of 56844 and 24.
12
Calculate the greatest common divisor of 17292 and 228.
12
Calculate the highest common divisor of 345 and 1630.
5
What is the greatest common divisor of 66 and 1050?
6
What is the highest common divisor of 99 and 303699?
33
What is the highest common divisor of 13 and 48113?
13
Calculate the highest common factor of 6250628 and 68.
68
What is the highest common factor of 4828 and 42174?
142
Calculate the highest common divisor of 11 